{"id":113,"date":"2024-04-15T11:54:41","date_gmt":"2024-04-15T11:54:41","guid":{"rendered":"https:\/\/alquilersalabilbao.com\/?page_id=113"},"modified":"2024-04-29T13:16:28","modified_gmt":"2024-04-29T13:16:28","slug":"gabinetes","status":"publish","type":"page","link":"https:\/\/alquilersalabilbao.com\/index.php\/gabinetes\/","title":{"rendered":"Gabinetes"},"content":{"rendered":"<p>[et_pb_section fb_built=\u00bb1&#8243; admin_label=\u00bbHeader\u00bb _builder_version=\u00bb4.22.0&#8243; _module_preset=\u00bbdefault\u00bb overflow-x=\u00bbhidden\u00bb overflow-y=\u00bbhidden\u00bb collapsed=\u00bbon\u00bb global_colors_info=\u00bb{}\u00bb][et_pb_row _builder_version=\u00bb4.24.0&#8243; _module_preset=\u00bbdefault\u00bb max_width=\u00bb1800px\u00bb global_colors_info=\u00bb{}\u00bb][et_pb_column type=\u00bb4_4&#8243; _builder_version=\u00bb4.22.0&#8243; _module_preset=\u00bbdefault\u00bb global_colors_info=\u00bb{}\u00bb][et_pb_text _builder_version=\u00bb4.25.0&#8243; _module_preset=\u00bb95983ebb-72ec-4cdd-abbe-16ef7981181d\u00bb global_colors_info=\u00bb{}\u00bb]<\/p>\n<h1>Gabinetes individuales<\/h1>\n<p>[\/et_pb_text][\/et_pb_column][\/et_pb_row][\/et_pb_section][et_pb_section fb_built=\u00bb1&#8243; admin_label=\u00bbFeature\u00bb _builder_version=\u00bb4.24.0&#8243; _module_preset=\u00bbdefault\u00bb background_color=\u00bbgcid-a93f2103-1d8b-43bb-b21d-81d84bba8b15&#8243; use_background_color_gradient=\u00bbon\u00bb background_color_gradient_stops=\u00bb#f2f0eb 0%|#ffffff 100%\u00bb custom_padding=\u00bb0px|||||\u00bb locked=\u00bboff\u00bb global_colors_info=\u00bb{%22gcid-a93f2103-1d8b-43bb-b21d-81d84bba8b15%22:%91%22background_color%22%93}\u00bb][et_pb_row column_structure=\u00bb1_2,1_2&#8243; _builder_version=\u00bb4.24.0&#8243; _module_preset=\u00bbdefault\u00bb custom_margin=\u00bb|auto|-15vw|auto|false|false\u00bb custom_padding=\u00bb0px|||||\u00bb global_colors_info=\u00bb{}\u00bb][et_pb_column type=\u00bb1_2&#8243; _builder_version=\u00bb4.24.0&#8243; _module_preset=\u00bbdefault\u00bb global_colors_info=\u00bb{}\u00bb][et_pb_image src=\u00bbhttp:\/\/alquilersalabilbao.com\/wp-content\/uploads\/2024\/04\/sala-tratamiento-2-scaled.jpg\u00bb title_text=\u00bbsala tratamiento 2&#8243; _builder_version=\u00bb4.24.3&#8243; _module_preset=\u00bbdefault\u00bb custom_margin=\u00bb|||-20vw|false|false\u00bb border_radii=\u00bbon|30px|30px|30px|30px\u00bb global_colors_info=\u00bb{}\u00bb][\/et_pb_image][\/et_pb_column][et_pb_column type=\u00bb1_2&#8243; _builder_version=\u00bb4.24.0&#8243; _module_preset=\u00bbdefault\u00bb custom_padding=\u00bb7vw||||false|false\u00bb global_colors_info=\u00bb{}\u00bb][et_pb_heading title=\u00bbServicio de secretar\u00eda inclu\u00eddo\u00bb _builder_version=\u00bb4.25.0&#8243; _module_preset=\u00bbdefault\u00bb title_font=\u00bb&#8211;et_global_heading_font|700|||||||\u00bb title_text_align=\u00bbcenter\u00bb title_text_color=\u00bb#545454&#8243; title_font_size=\u00bb40px\u00bb title_line_height=\u00bb1.2em\u00bb global_colors_info=\u00bb{}\u00bb][\/et_pb_heading][et_pb_cta title=\u00bbTodo inclu\u00eddo por 250\u20ac\/mes\u00bb button_url=\u00bbhttps:\/\/alquilersalabilbao.com\/index.php\/gabinetes\/\u00bb _builder_version=\u00bb4.25.0&#8243; _module_preset=\u00bbdefault\u00bb header_font=\u00bb&#8211;et_global_heading_font|700|||||||\u00bb body_font=\u00bb&#8211;et_global_heading_font||||||||\u00bb body_text_color=\u00bb#000000&#8243; custom_button=\u00bbon\u00bb button_text_size=\u00bb15px\u00bb button_text_color=\u00bb#000000&#8243; button_letter_spacing=\u00bb5px\u00bb button_font=\u00bb&#8211;et_global_body_font||||||||\u00bb background_layout=\u00bblight\u00bb animation_style=\u00bbslide\u00bb link_option_url=\u00bbhttps:\/\/alquilersalabilbao.com\/index.php\/gabinetes\/\u00bb hover_enabled=\u00bb0&#8243; border_radii=\u00bbon|30px|30px|30px|30px\u00bb box_shadow_style=\u00bbpreset1&#8243; global_colors_info=\u00bb{}\u00bb sticky_enabled=\u00bb0&#8243;]<\/p>\n<p>Alquilamos sala con todo el material necesario para la terapia, con servicio de secretar\u00eda por <strong>260\u20ac\/mes.<\/strong><\/p>\n<p>Pagar\u00e1s solo por el tramo que usas la sala.<\/p>\n<p><em>Consulta los tramos de alquiler para ver cual se ajusta m\u00e1s a tus necesidades.<\/em><\/p>\n<p>[\/et_pb_cta][\/et_pb_column][\/et_pb_row][et_pb_row column_structure=\u00bb1_3,1_3,1_3&#8243; make_equal=\u00bbon\u00bb _builder_version=\u00bb4.24.0&#8243; _module_preset=\u00bbdefault\u00bb max_width=\u00bb1800px\u00bb custom_padding=\u00bb52px|||||\u00bb locked=\u00bboff\u00bb global_colors_info=\u00bb{}\u00bb][et_pb_column type=\u00bb1_3&#8243; _builder_version=\u00bb4.24.0&#8243; _module_preset=\u00bbdefault\u00bb custom_padding=\u00bb30px|30px|30px|30px|true|true\u00bb border_radii=\u00bbon|30px|30px|30px|30px\u00bb border_width_all=\u00bb2px\u00bb border_color_all=\u00bbrgba(0,0,0,0.12)\u00bb global_colors_info=\u00bb{}\u00bb][et_pb_text _builder_version=\u00bb4.25.0&#8243; _module_preset=\u00bbc15cdf07-6a1c-4940-8022-c8dab313aaf8&#8243; custom_margin=\u00bb||0px||false|false\u00bb locked=\u00bboff\u00bb global_colors_info=\u00bb{}\u00bb]<\/p>\n<h5>CONTACTO<\/h5>\n<p>[\/et_pb_text][et_pb_text _builder_version=\u00bb4.25.0&#8243; _module_preset=\u00bbc9bd8dea-27c8-41ff-8e5d-9b2cefd82bf5&#8243; locked=\u00bboff\u00bb global_colors_info=\u00bb{}\u00bb]<\/p>\n<p>Cons\u00faltanos las condiciones y tus necesidades y te haremos un presupuesto a tu medida.<\/p>\n<p>E.mail: <a href=\"mailto:zutikzentroa@gmail.com\">zutikzentroa@gmail.com<\/a><\/p>\n<p>Tel\u00e9fono: 94.441.83.93<\/p>\n<p>Whatsapp: 643.27.07.26<\/p>\n<p>[\/et_pb_text][et_pb_button button_url=\u00bbhttps:\/\/www.zutikbilbao.es\/\u00bb url_new_window=\u00bbon\u00bb button_text=\u00bbWeb de Zutik\u00bb _builder_version=\u00bb4.25.0&#8243; _module_preset=\u00bb6ba02023-22b3-40eb-895a-1ff8c9b1a803&#8243; button_text_color=\u00bb#000000&#8243; button_bg_color=\u00bb#EDF000&#8243; button_icon_color=\u00bb#000000&#8243; animation_style=\u00bbslide\u00bb locked=\u00bboff\u00bb global_colors_info=\u00bb{}\u00bb][\/et_pb_button][\/et_pb_column][et_pb_column type=\u00bb1_3&#8243; _builder_version=\u00bb4.22.0&#8243; _module_preset=\u00bbdefault\u00bb custom_padding=\u00bb30px|30px|30px|30px|true|true\u00bb border_radii=\u00bbon|30px|30px|30px|30px\u00bb border_width_all=\u00bb2px\u00bb border_color_all=\u00bbrgba(0,0,0,0.12)\u00bb global_colors_info=\u00bb{}\u00bb][et_pb_text _builder_version=\u00bb4.25.0&#8243; _module_preset=\u00bbc15cdf07-6a1c-4940-8022-c8dab313aaf8&#8243; custom_margin=\u00bb||0px||false|false\u00bb locked=\u00bboff\u00bb global_colors_info=\u00bb{}\u00bb]<\/p>\n<h5>Salas con todo el material necesario<\/h5>\n<p>[\/et_pb_text][et_pb_text _builder_version=\u00bb4.25.0&#8243; _module_preset=\u00bbc9bd8dea-27c8-41ff-8e5d-9b2cefd82bf5&#8243; hover_enabled=\u00bb0&#8243; locked=\u00bboff\u00bb global_colors_info=\u00bb{}\u00bb sticky_enabled=\u00bb0&#8243;]<\/p>\n<p>Todas las salas cuentan con camillas hidr\u00e1ulicas, aire acondicionado, calefacci\u00f3n central, ventanas al exterior, sistema de sonido individual y mobiliario de dise\u00f1o a medida.<\/p>\n<p>[\/et_pb_text][\/et_pb_column][et_pb_column type=\u00bb1_3&#8243; _builder_version=\u00bb4.24.0&#8243; _module_preset=\u00bbdefault\u00bb custom_padding=\u00bb30px|30px|30px|30px|true|true\u00bb border_radii=\u00bbon|30px|30px|30px|30px\u00bb border_width_all=\u00bb2px\u00bb border_color_all=\u00bbrgba(0,0,0,0.12)\u00bb global_colors_info=\u00bb{}\u00bb][et_pb_text _builder_version=\u00bb4.25.0&#8243; _module_preset=\u00bbc15cdf07-6a1c-4940-8022-c8dab313aaf8&#8243; custom_margin=\u00bb||0px||false|false\u00bb locked=\u00bboff\u00bb global_colors_info=\u00bb{}\u00bb]<\/p>\n<h5>Incluye servicio de SECRETAR\u00cdA<\/h5>\n<p>[\/et_pb_text][et_pb_text _builder_version=\u00bb4.25.0&#8243; _module_preset=\u00bbc9bd8dea-27c8-41ff-8e5d-9b2cefd82bf5&#8243; locked=\u00bboff\u00bb global_colors_info=\u00bb{}\u00bb]<\/p>\n<p>El alquiler incluye servicio de secretar\u00eda y telef\u00f3nico de lunes a jueves de 9.00 a 20.00h y los viernes de 9.00 a 14.00h.<\/p>\n<p>[\/et_pb_text][\/et_pb_column][\/et_pb_row][et_pb_row column_structure=\u00bb1_3,1_3,1_3&#8243; make_equal=\u00bbon\u00bb _builder_version=\u00bb4.24.0&#8243; _module_preset=\u00bbdefault\u00bb max_width=\u00bb1800px\u00bb locked=\u00bboff\u00bb global_colors_info=\u00bb{}\u00bb][et_pb_column type=\u00bb1_3&#8243; _builder_version=\u00bb4.24.0&#8243; _module_preset=\u00bbdefault\u00bb custom_padding=\u00bb30px|30px|30px|30px|true|true\u00bb border_radii=\u00bbon|30px|30px|30px|30px\u00bb border_width_all=\u00bb2px\u00bb border_color_all=\u00bbrgba(0,0,0,0.12)\u00bb global_colors_info=\u00bb{}\u00bb][et_pb_text _builder_version=\u00bb4.24.3&#8243; _module_preset=\u00bbc15cdf07-6a1c-4940-8022-c8dab313aaf8&#8243; custom_margin=\u00bb||0px||false|false\u00bb locked=\u00bboff\u00bb global_colors_info=\u00bb{}\u00bb]<\/p>\n<h5>Dise\u00f1adas por un estudio de arquitectura<\/h5>\n<p>[\/et_pb_text][et_pb_text _builder_version=\u00bb4.24.3&#8243; _module_preset=\u00bbc9bd8dea-27c8-41ff-8e5d-9b2cefd82bf5&#8243; locked=\u00bboff\u00bb global_colors_info=\u00bb{}\u00bb]<\/p>\n<p>El centro fue proyectado en el a\u00f1o 2011 por el estudio de arquitectura B-Studio capitaneado por la arquitecta Irati Burgu\u00e9s Asteasu.\u00a0<\/p>\n<p>[\/et_pb_text][et_pb_button button_url=\u00bbhttps:\/\/www.b-studio.es\/\u00bb url_new_window=\u00bbon\u00bb button_text=\u00bbB Studio\u00bb _builder_version=\u00bb4.25.0&#8243; _module_preset=\u00bb6ba02023-22b3-40eb-895a-1ff8c9b1a803&#8243; button_text_color=\u00bb#000000&#8243; button_bg_color=\u00bb#EDF000&#8243; button_icon_color=\u00bb#000000&#8243; animation_style=\u00bbslide\u00bb locked=\u00bboff\u00bb global_colors_info=\u00bb{}\u00bb][\/et_pb_button][\/et_pb_column][et_pb_column type=\u00bb1_3&#8243; _builder_version=\u00bb4.22.0&#8243; _module_preset=\u00bbdefault\u00bb custom_padding=\u00bb30px|30px|30px|30px|true|true\u00bb border_radii=\u00bbon|30px|30px|30px|30px\u00bb border_width_all=\u00bb2px\u00bb border_color_all=\u00bbrgba(0,0,0,0.12)\u00bb global_colors_info=\u00bb{}\u00bb][et_pb_text _builder_version=\u00bb4.25.0&#8243; _module_preset=\u00bbc15cdf07-6a1c-4940-8022-c8dab313aaf8&#8243; custom_margin=\u00bb||0px||false|false\u00bb locked=\u00bboff\u00bb global_colors_info=\u00bb{}\u00bb]<\/p>\n<h5> Pagar\u00e1s solo por el tiempo que uses el servicio <\/h5>\n<p>[\/et_pb_text][et_pb_text _builder_version=\u00bb4.25.0&#8243; _module_preset=\u00bbc9bd8dea-27c8-41ff-8e5d-9b2cefd82bf5&#8243; hover_enabled=\u00bb0&#8243; locked=\u00bboff\u00bb global_colors_info=\u00bb{}\u00bb sticky_enabled=\u00bb0&#8243;]<\/p>\n<p>Puedes alquilar las salas por m\u00f3dulos de ma\u00f1ana o de tarde. Por ejemplo para que te hagas una idea: <em>(estos precios son orientativos)<\/em><\/p>\n<p>&#8211; Una ma\u00f1ana o una tarde (5h): 260\u20ac\/mes<br \/>&#8211; Un d\u00eda completo, (10h): 508\u20ac\/mes<br \/>&#8211; Hora extra: 20\u20ac\/hora<\/p>\n<p>Seg\u00fan vayas ampliando las horas se aplican descuentos y promociones. Cons\u00faltanos y te haremos un precio ad hoc.<\/p>\n<p>Estos precios incluyen: luz, aire acondicionado, servicio de secretar\u00eda, calefacci\u00f3n, sala de espera,\u00a0 wifi etc.<\/p>\n<p>&nbsp;<\/p>\n<p>[\/et_pb_text][\/et_pb_column][et_pb_column type=\u00bb1_3&#8243; _builder_version=\u00bb4.24.0&#8243; _module_preset=\u00bbdefault\u00bb custom_padding=\u00bb30px|30px|30px|30px|true|true\u00bb border_radii=\u00bbon|30px|30px|30px|30px\u00bb border_width_all=\u00bb2px\u00bb border_color_all=\u00bbrgba(0,0,0,0.12)\u00bb global_colors_info=\u00bb{}\u00bb][et_pb_text _builder_version=\u00bb4.24.3&#8243; _module_preset=\u00bbc15cdf07-6a1c-4940-8022-c8dab313aaf8&#8243; custom_margin=\u00bb||0px||false|false\u00bb locked=\u00bboff\u00bb global_colors_info=\u00bb{}\u00bb]<\/p>\n<h5>Bien comunicados<\/h5>\n<p>[\/et_pb_text][et_pb_text _builder_version=\u00bb4.24.3&#8243; _module_preset=\u00bbc9bd8dea-27c8-41ff-8e5d-9b2cefd82bf5&#8243; locked=\u00bboff\u00bb global_colors_info=\u00bb{}\u00bb]<\/p>\n<p>El centro est\u00e1 ubicado en el centro de la ciudad en Hurtado Am\u00e9zaga. Por nuestra calle hay parada de metro, autobus y tren de cercan\u00edas.\u00a0<\/p>\n<p>[\/et_pb_text][\/et_pb_column][\/et_pb_row][et_pb_row _builder_version=\u00bb4.24.3&#8243; _module_preset=\u00bbdefault\u00bb global_colors_info=\u00bb{}\u00bb][et_pb_column type=\u00bb4_4&#8243; _builder_version=\u00bb4.24.3&#8243; _module_preset=\u00bbdefault\u00bb global_colors_info=\u00bb{}\u00bb][et_pb_gallery gallery_ids=\u00bb115,116,117,118,119,120,121,122&#8243; gallery_orderby=\u00bbrand\u00bb fullwidth=\u00bbon\u00bb _builder_version=\u00bb4.24.3&#8243; _module_preset=\u00bbdefault\u00bb global_colors_info=\u00bb{}\u00bb][\/et_pb_gallery][\/et_pb_column][\/et_pb_row][\/et_pb_section]<\/p>\n","protected":false},"excerpt":{"rendered":"<p>Alquiler salas terapia en Bilbao<\/p>\n","protected":false},"author":1,"featured_media":160,"parent":0,"menu_order":0,"comment_status":"closed","ping_status":"closed","template":"","meta":{"_et_pb_use_builder":"on","_et_pb_old_content":"","_et_gb_content_width":"","footnotes":""},"class_list":["post-113","page","type-page","status-publish","has-post-thumbnail","hentry"],"_links":{"self":[{"href":"https:\/\/alquilersalabilbao.com\/index.php\/wp-json\/wp\/v2\/pages\/113","targetHints":{"allow":["GET"]}}],"collection":[{"href":"https:\/\/alquilersalabilbao.com\/index.php\/wp-json\/wp\/v2\/pages"}],"about":[{"href":"https:\/\/alquilersalabilbao.com\/index.php\/wp-json\/wp\/v2\/types\/page"}],"author":[{"embeddable":true,"href":"https:\/\/alquilersalabilbao.com\/index.php\/wp-json\/wp\/v2\/users\/1"}],"replies":[{"embeddable":true,"href":"https:\/\/alquilersalabilbao.com\/index.php\/wp-json\/wp\/v2\/comments?post=113"}],"version-history":[{"count":16,"href":"https:\/\/alquilersalabilbao.com\/index.php\/wp-json\/wp\/v2\/pages\/113\/revisions"}],"predecessor-version":[{"id":260,"href":"https:\/\/alquilersalabilbao.com\/index.php\/wp-json\/wp\/v2\/pages\/113\/revisions\/260"}],"wp:featuredmedia":[{"embeddable":true,"href":"https:\/\/alquilersalabilbao.com\/index.php\/wp-json\/wp\/v2\/media\/160"}],"wp:attachment":[{"href":"https:\/\/alquilersalabilbao.com\/index.php\/wp-json\/wp\/v2\/media?parent=113"}],"curies":[{"name":"wp","href":"https:\/\/api.w.org\/{rel}","templated":true}]}}